{"id":43,"date":"2024-01-09T06:13:05","date_gmt":"2024-01-09T06:13:05","guid":{"rendered":"https:\/\/freieschulehohenau.at\/WP\/?page_id=43"},"modified":"2024-07-17T07:46:45","modified_gmt":"2024-07-17T06:46:45","slug":"lehrplan","status":"publish","type":"page","link":"https:\/\/www.freieschulehohenau.at\/?page_id=43","title":{"rendered":"Lehrplan"},"content":{"rendered":"\r\n<p>&nbsp;<\/p>\r\n<p><span lang=\"DE-AT\">Wie l\u00e4sst sich unsere Methode mit dem \u00f6ffentlichen Lehrplan vereinbaren?<\/span><\/p>\r\n<p><span lang=\"DE-AT\">Das Hauptziel unserer Schule ist es, die Kinder innerhalb von acht Jahren zu selbst\u00e4ndigen, sozial kompetenten Jugendlichen zu erziehen, die ihre Werte kennen und vertreten k\u00f6nnen. Sie sollen Verantwortung \u00fcbernehmen, fundierte Entscheidungen treffen und deren Konsequenzen tragen. Sie sollen R\u00fccksichtnahme gegen\u00fcber Schw\u00e4cheren \u00fcben und ihre Umgebung mit Respekt behandeln. Sie sollen in der Lage sein, sich in der Gesellschaft zu behaupten, indem sie eine weiterf\u00fchrende Ausbildung im \u00f6ffentlichen System (Oberstufe, Fachschule, Berufsschule, usw.) verfolgen. Darauf wollen wir die Jugendlichen vorbereiten.<\/span><\/p>\r\n<h3 class=\"wp-block-heading\"><strong><span lang=\"DE-AT\">Der Glocksee-Lehrplan<\/span><\/strong><\/h3>\r\n<p><span lang=\"DE-AT\">Unsere Schule orientiert sich nicht am \u00f6ffentlichen Lehrplan. Wie viele alternative Schulen haben wir einen eigenen Lehrplan, den sogenannten Glocksee-Lehrplan. Dieser ist gemeinsam mit einem Differenzlehrplan, der die Br\u00fccke zum \u00f6ffentlichen System schl\u00e4gt, dem \u00f6ffentlichen Lehrplan gleichgestellt.<\/span><\/p>\r\n<p><span lang=\"DE-AT\">Dies erm\u00f6glicht uns, den Kindern Raum f\u00fcr ihre individuellen Entwicklungsbed\u00fcrfnisse zu lassen. Sie m\u00fcssen nicht alle zur gleichen Zeit das Lesen oder die Grundrechenarten lernen, sondern k\u00f6nnen sich auf das konzentrieren, was sie gerade am meisten interessiert. Durch diese eigenmotivierte Entscheidung lernen sie schneller und effektiver, als wenn der Stoff von au\u00dfen vorgegeben w\u00fcrde.<\/span><\/p>\r\n<p><span lang=\"DE-AT\">Am Ende der Pflichtschulzeit, also an der \u201eSchnittstelle der Schulsysteme\u201c, sollen unsere Sch\u00fcler ein vergleichbares Wissen vorweisen k\u00f6nnen wie Sch\u00fcler \u00f6ffentlicher Schulen. <\/span><\/p>\r\n<h3><strong><span lang=\"DE-AT\">Langfristiges Denken<\/span><\/strong><\/h3>\r\n<p><span lang=\"DE-AT\">Es ist uns wichtig zu betonen, dass unser Schulkonzept auf acht Jahre ausgelegt ist: Am Ende dieser acht Jahre ist der Standard unserer Sch\u00fcler mindestens so hoch wie der von Abg\u00e4ngern \u00f6ffentlicher Schulen. Zwischenzeitlich folgen wir jedoch nicht dem \u00f6sterreichischen Lehrplan, sodass nicht erwartet werden kann, dass die Kinder jederzeit nahtlos ins Regelschulsystem wechseln k\u00f6nnen. Es w\u00e4re nicht realistisch, Freiheit der Wahl und Lernen aus eigenem Interesse zu bef\u00fcrworten und gleichzeitig eine Orientierung am Regelschul-Lehrplan zu erwarten.<\/span><\/p>\r\n","protected":false},"excerpt":{"rendered":"<p>&nbsp; Wie l\u00e4sst sich unsere Methode mit dem \u00f6ffentlichen Lehrplan vereinbaren? Das Hauptziel unserer Schule ist es, die Kinder innerhalb von acht Jahren zu selbst\u00e4ndigen, sozial kompetenten Jugendlichen zu erziehen, die ihre Werte kennen und vertreten k\u00f6nnen. Sie sollen Verantwortung \u00fcbernehmen, fundierte Entscheidungen treffen und deren Konsequenzen tragen. Sie sollen R\u00fccksichtnahme gegen\u00fcber Schw\u00e4cheren \u00fcben und [&hellip;]<\/p>\n","protected":false},"author":1,"featured_media":0,"parent":41,"menu_order":0,"comment_status":"closed","ping_status":"closed","template":"","meta":{"saved_in_kubio":false,"footnotes":""},"class_list":["post-43","page","type-page","status-publish","hentry"],"kubio_ai_page_context":{"short_desc":"","purpose":"general"},"_links":{"self":[{"href":"https:\/\/www.freieschulehohenau.at\/index.php?rest_route=\/wp\/v2\/pages\/43","targetHints":{"allow":["GET"]}}],"collection":[{"href":"https:\/\/www.freieschulehohenau.at\/index.php?rest_route=\/wp\/v2\/pages"}],"about":[{"href":"https:\/\/www.freieschulehohenau.at\/index.php?rest_route=\/wp\/v2\/types\/page"}],"author":[{"embeddable":true,"href":"https:\/\/www.freieschulehohenau.at\/index.php?rest_route=\/wp\/v2\/users\/1"}],"replies":[{"embeddable":true,"href":"https:\/\/www.freieschulehohenau.at\/index.php?rest_route=%2Fwp%2Fv2%2Fcomments&post=43"}],"version-history":[{"count":5,"href":"https:\/\/www.freieschulehohenau.at\/index.php?rest_route=\/wp\/v2\/pages\/43\/revisions"}],"predecessor-version":[{"id":262,"href":"https:\/\/www.freieschulehohenau.at\/index.php?rest_route=\/wp\/v2\/pages\/43\/revisions\/262"}],"up":[{"embeddable":true,"href":"https:\/\/www.freieschulehohenau.at\/index.php?rest_route=\/wp\/v2\/pages\/41"}],"wp:attachment":[{"href":"https:\/\/www.freieschulehohenau.at\/index.php?rest_route=%2Fwp%2Fv2%2Fmedia&parent=43"}],"curies":[{"name":"wp","href":"https:\/\/api.w.org\/{rel}","templated":true}]}}