{"id":33,"date":"2024-01-09T06:10:14","date_gmt":"2024-01-09T06:10:14","guid":{"rendered":"https:\/\/freieschulehohenau.at\/WP\/?page_id=33"},"modified":"2024-07-17T07:53:43","modified_gmt":"2024-07-17T06:53:43","slug":"dokumentation","status":"publish","type":"page","link":"https:\/\/www.freieschulehohenau.at\/?page_id=33","title":{"rendered":"Dokumentation und Zeugnis"},"content":{"rendered":"\r\n<p>&nbsp;<\/p>\r\n<p>Unsere Herangehensweise f\u00fcr die Beurteilung eines Kindes unterscheidet sich grundlegend von herk\u00f6mmlichen Schulen. Am Ende eines Schuljahres erhalten die Eltern Entwicklungsberichte, die auch w\u00e4hrend des Schuljahres jederzeit eingesehen werden k\u00f6nnen. Diese Berichte geben Einblick in die Aktivit\u00e4ten und Fortschritte ihres Kindes \u00fcber das Jahr hinweg. Sie zeigen auf, was das Kind bereits gut beherrscht und wo es noch Unterst\u00fctzung oder Vertiefung ben\u00f6tigt.<\/p>\r\n<h3><strong>Dokumentationen<\/strong><\/h3>\r\n<p>Die Dokumentationen sind detaillierte Berichte, die ausschlie\u00dflich f\u00fcr die Eltern bestimmt sind und keinen offiziellen Charakter haben. Sie bieten eine umfassende Beschreibung, wie die P\u00e4dagogInnen das Kind wahrnehmen und seine Entwicklungsschritte einsch\u00e4tzen. Diese Berichte enthalten ausf\u00fchrliche Erkl\u00e4rungen zu den Arbeiten der Kinder sowie ihrem Verhalten.<\/p>\r\n<h3><strong>Zeugnisse<\/strong><\/h3>\r\n<p>Zus\u00e4tzlich zu den individuellen Dokumentationen erstellen wir einfache Zeugnisse mit einer verbalen Beurteilung zum Ende des Schuljahres, die den Vorgaben der \u00f6ffentlichen Hand entsprechen und einen offiziellen Charakter haben..<\/p>\r\n<hr \/>\r\n<h4><em>Wir stehen w\u00e4hrend des Schuljahres f\u00fcr Gespr\u00e4che mit den Eltern zur Verf\u00fcgung und ermutigen sie, sich bei Fragen oder Unsicherheiten jederzeit an uns zu wenden. Ein wesentlicher Grundpfeiler unserer Arbeit ist das Vertrauensverh\u00e4ltnis zwischen Eltern und Lehrkr\u00e4ften, das darauf basiert, dass wir gemeinsam das Wohl jedes Kindes anstreben und unser M\u00f6glichstes daf\u00fcr tun.<\/em><\/h4>\r\n<hr \/>\r\n<p>&nbsp;<\/p>\r\n\r\n\r\n","protected":false},"excerpt":{"rendered":"<p>&nbsp; Unsere Herangehensweise f\u00fcr die Beurteilung eines Kindes unterscheidet sich grundlegend von herk\u00f6mmlichen Schulen. Am Ende eines Schuljahres erhalten die Eltern Entwicklungsberichte, die auch w\u00e4hrend des Schuljahres jederzeit eingesehen werden k\u00f6nnen. Diese Berichte geben Einblick in die Aktivit\u00e4ten und Fortschritte ihres Kindes \u00fcber das Jahr hinweg. Sie zeigen auf, was das Kind bereits gut beherrscht [&hellip;]<\/p>\n","protected":false},"author":1,"featured_media":0,"parent":27,"menu_order":0,"comment_status":"closed","ping_status":"closed","template":"","meta":{"saved_in_kubio":false,"footnotes":""},"class_list":["post-33","page","type-page","status-publish","hentry"],"kubio_ai_page_context":{"short_desc":"","purpose":"general"},"_links":{"self":[{"href":"https:\/\/www.freieschulehohenau.at\/index.php?rest_route=\/wp\/v2\/pages\/33","targetHints":{"allow":["GET"]}}],"collection":[{"href":"https:\/\/www.freieschulehohenau.at\/index.php?rest_route=\/wp\/v2\/pages"}],"about":[{"href":"https:\/\/www.freieschulehohenau.at\/index.php?rest_route=\/wp\/v2\/types\/page"}],"author":[{"embeddable":true,"href":"https:\/\/www.freieschulehohenau.at\/index.php?rest_route=\/wp\/v2\/users\/1"}],"replies":[{"embeddable":true,"href":"https:\/\/www.freieschulehohenau.at\/index.php?rest_route=%2Fwp%2Fv2%2Fcomments&post=33"}],"version-history":[{"count":4,"href":"https:\/\/www.freieschulehohenau.at\/index.php?rest_route=\/wp\/v2\/pages\/33\/revisions"}],"predecessor-version":[{"id":266,"href":"https:\/\/www.freieschulehohenau.at\/index.php?rest_route=\/wp\/v2\/pages\/33\/revisions\/266"}],"up":[{"embeddable":true,"href":"https:\/\/www.freieschulehohenau.at\/index.php?rest_route=\/wp\/v2\/pages\/27"}],"wp:attachment":[{"href":"https:\/\/www.freieschulehohenau.at\/index.php?rest_route=%2Fwp%2Fv2%2Fmedia&parent=33"}],"curies":[{"name":"wp","href":"https:\/\/api.w.org\/{rel}","templated":true}]}}